{"id":93,"date":"2022-09-04T16:23:49","date_gmt":"2022-09-04T16:23:49","guid":{"rendered":"https:\/\/timeasofia.com\/?page_id=93"},"modified":"2026-01-18T13:06:34","modified_gmt":"2026-01-18T13:06:34","slug":"about","status":"publish","type":"page","link":"https:\/\/timeasofia.com\/index.php\/about\/","title":{"rendered":"About"},"content":{"rendered":"\t\t<div data-elementor-type=\"wp-page\" data-elementor-id=\"93\" class=\"elementor elementor-93\" data-elementor-post-type=\"page\">\n\t\t\t\t\t\t<section class=\"elementor-section elementor-top-section elementor-element elementor-element-2e7574ed elementor-section-boxed elementor-section-height-default elementor-section-height-default\" data-id=\"2e7574ed\" data-element_type=\"section\" data-e-type=\"section\">\n\t\t\t\t\t\t<div class=\"elementor-container elementor-column-gap-default\">\n\t\t\t\t\t<div class=\"elementor-column elementor-col-50 elementor-top-column elementor-element elementor-element-b23122c\" data-id=\"b23122c\" data-element_type=\"column\" data-e-type=\"column\">\n\t\t\t<div class=\"elementor-widget-wrap elementor-element-populated\">\n\t\t\t\t\t\t<div class=\"elementor-element elementor-element-2cc7f537 elementor-widget__width-initial elementor-widget elementor-widget-image\" data-id=\"2cc7f537\" data-element_type=\"widget\" data-e-type=\"widget\" data-widget_type=\"image.default\">\n\t\t\t\t<div class=\"elementor-widget-container\">\n\t\t\t\t\t\t\t\t\t\t\t\t\t\t\t<img decoding=\"async\" src=\"https:\/\/timeasofia.com\/wp-content\/uploads\/2026\/01\/portrait0.png\" title=\"portrait0\" alt=\"portrait0\" loading=\"lazy\" \/>\t\t\t\t\t\t\t\t\t\t\t\t\t\t\t<\/div>\n\t\t\t\t<\/div>\n\t\t\t\t\t<\/div>\n\t\t<\/div>\n\t\t\t\t<div class=\"elementor-column elementor-col-50 elementor-top-column elementor-element elementor-element-1b36b573\" data-id=\"1b36b573\" data-element_type=\"column\" data-e-type=\"column\">\n\t\t\t<div class=\"elementor-widget-wrap elementor-element-populated\">\n\t\t\t\t\t\t<div class=\"elementor-element elementor-element-9ca4441 elementor-widget elementor-widget-text-editor\" data-id=\"9ca4441\" data-element_type=\"widget\" data-e-type=\"widget\" data-widget_type=\"text-editor.default\">\n\t\t\t\t<div class=\"elementor-widget-container\">\n\t\t\t\t\t\t\t\t\t<p style=\"font-size: medium; font-family: 'Times New Roman';\"><span style=\"font-family: Spartan, sans-serif; font-size: 1rem;\">I\u2019m T\u00edmea Zs\u00f3fia Terenyei, Hungarian-born, Berlin-based illustrator, exhibition designer, and educator with a strong focus on cultural, educational, and socially engaged projects.<br>As a creative professional, I specialize in turning complex scientific and social topics into engaging, accessible visual stories.&nbsp;<\/span><\/p>\n<p style=\"font-size: medium; font-family: 'Times New Roman';\"><span style=\"font-family: Spartan, sans-serif; font-size: 1rem;\">I\u2019ve been awarded as the winner of the Site specific \u2013 New Talent category of The World Illustration Awards by The AOI.<\/span><\/p>\n<p style=\"font-size: medium; font-family: 'Times New Roman';\"><span style=\"font-family: Spartan, sans-serif; font-size: 1rem;\">As an exhibition designer I work with National Parks, Museums and Scientific Insitutes from Central Europe, developing the overall concept for educational trails and conservation-focused exhibitions, shaping them around their learning goals and the unique qualities of the landscape or space.<\/span><\/p>\n<p style=\"font-size: medium; font-family: 'Times New Roman';\"><span style=\"font-family: Spartan, sans-serif; font-size: 1rem;\">Alongside exhibition design, my illustration and graphic deisgn work spans editorial and applied contexts. I create illustrations that support storytelling, offer interpretation, and complement written narratives.<\/span><\/p>\n<p style=\"font-size: medium; font-family: 'Times New Roman';\"><span style=\"font-family: Spartan, sans-serif; font-size: 1rem;\">&nbsp;<\/span><\/p>\t\t\t\t\t\t\t\t<\/div>\n\t\t\t\t<\/div>\n\t\t\t\t\t<\/div>\n\t\t<\/div>\n\t\t\t\t\t<\/div>\n\t\t<\/section>\n\t\t\t\t<section class=\"elementor-section elementor-top-section elementor-element elementor-element-838333f elementor-section-boxed elementor-section-height-default elementor-section-height-default\" data-id=\"838333f\" data-element_type=\"section\" data-e-type=\"section\">\n\t\t\t\t\t\t<div class=\"elementor-container elementor-column-gap-default\">\n\t\t\t\t\t<div class=\"elementor-column elementor-col-100 elementor-top-column elementor-element elementor-element-54e8786\" data-id=\"54e8786\" data-element_type=\"column\" data-e-type=\"column\">\n\t\t\t<div class=\"elementor-widget-wrap elementor-element-populated\">\n\t\t\t\t\t\t<div class=\"elementor-element elementor-element-f436f2c elementor-widget elementor-widget-text-editor\" data-id=\"f436f2c\" data-element_type=\"widget\" data-e-type=\"widget\" data-widget_type=\"text-editor.default\">\n\t\t\t\t<div class=\"elementor-widget-container\">\n\t\t\t\t\t\t\t\t\t<p style=\"font-family: 'Times New Roman'; font-size: medium;\"><span style=\"font-weight: bolder; font-family: Arial, sans-serif; font-size: 16px;\">Selected Experience |<\/span><\/p><p><span style=\"font-size: 1rem;\">stories within architecture GmbH | Berlin |\u00a0<\/span>exhibition and graphic design<\/p><p>Patk\u00f3s St\u00fadi\u00f3 | exhibition and graphic design, project management<\/p><p>Freelance projects in exhibition and graphic design, illustration<\/p><p><b>\u00a0<\/b><\/p><p><b>Selected Freelance Projects and Clients |<\/b><\/p><p>Gesa von Grote | exhibition design and illustration<\/p><p>French Institute in Hungary | graphic design<\/p><p>Hungarian Civil Liberties Union (Tasz) | brand identity for social media and various graphic design and illustration Projects<\/p><p>Breathe Magazine + Teen Breathe | editorial Illustration<\/p><p>Autistic Art Foundation | graphic design and illustration<\/p><p>Zeitgenossin (magazin of the Student Union Univerity of Vienna) | editorial illustration<\/p><p>Progress (magazin of the Austrian Students\u2019 Union) | edtitorial illustration<\/p><p>Hortob\u00e1gy National Park | exhibition design<\/p><p>Balaton Uplands National Park | exhibition design<\/p><p>B\u00fckk National Park | exhibition design<\/p><p>\u00a0<\/p><p><strong>Selected Art Exhibitions |<\/strong><\/p><p>Palota Gal\u00e9ria &#8211; Budapest | &#8220;Otthon \u00e9s Itthon&#8221; Solo Show \/2023\/<\/p><p><span style=\"font-size: 1rem;\">Veszpr\u00e9m-Balaton European Capital of Culture | &#8220;Shine!&#8221; Poster Exhibition \/2023\/<\/span><\/p><p><span style=\"font-size: 1rem;\">Duo Yun Xuan Art Center, Shanghai | WIA 2021 Touring Exhibition\u00a0<\/span><span style=\"font-size: 1rem; font-weight: var( --e-global-typography-text-font-weight );\"><span style=\"font-family: var( --e-global-typography-text-font-family ), Sans-serif;\">\/2022\/<\/span><\/span><\/p><p><span style=\"font-size: 1rem;\">Belgrade | The fourth international Festival of Illustrations &#8211; ILUSTROFEST \/2022\/<\/span><span style=\"font-size: 1rem; font-weight: var( --e-global-typography-text-font-weight );\"><span style=\"font-family: Spartan, sans-serif;\"><br \/><\/span><\/span><\/p><p><span style=\"font-size: 1rem;\">Tonbridge School\u2019s Old Big School Gallery | WIA 2021 Touring Exhibition\u00a0<\/span><span style=\"font-size: 1rem; font-weight: var( --e-global-typography-text-font-weight );\"><span style=\"font-family: var( --e-global-typography-text-font-family ), Sans-serif;\">\/2022\/<\/span><\/span><\/p><p><span style=\"font-size: 1rem;\">Kelet K\u00e1v\u00e9z\u00f3 &#8211; Budapest | Utc\u00e1r\u00f3l Lak\u00e1sba! Egyes\u00fclet Aukci\u00f3\u00a0\u00a0<\/span><span style=\"font-size: 1rem; font-weight: var( --e-global-typography-text-font-weight );\"><span style=\"font-family: var( --e-global-typography-text-font-family ), Sans-serif;\">\/2021\/<\/span><\/span><\/p><p><span style=\"font-size: 1rem;\">Academy of Fine Arts Vienna | Rundgang\u00a0<\/span><span style=\"font-size: 1rem; font-weight: var( --e-global-typography-text-font-weight );\"><span style=\"font-family: var( --e-global-typography-text-font-family ), Sans-serif;\">\/2017\/<\/span><\/span><\/p><p><span style=\"font-size: 1rem;\">Transylvanian Art Center | G4 &#8211; Graphic Art Biennial of Szeklerland\u00a0<\/span><span style=\"font-size: 1rem; font-weight: var( --e-global-typography-text-font-weight ); font-family: var( --e-global-typography-text-font-family ), Sans-serif;\">\/2016\/<\/span><\/p>\t\t\t\t\t\t\t\t<\/div>\n\t\t\t\t<\/div>\n\t\t\t\t\t<\/div>\n\t\t<\/div>\n\t\t\t\t\t<\/div>\n\t\t<\/section>\n\t\t\t\t<\/div>\n\t\t","protected":false},"excerpt":{"rendered":"<p>I\u2019m T\u00edmea Zs\u00f3fia Terenyei, Hungarian-born, Berlin-based illustrator, exhibition designer, and educator with a strong focus on cultural, educational, and socially engaged projects.As a creative professional, I specialize in turning complex scientific and social topics into engaging, accessible visual stories.&nbsp; I\u2019ve been awarded as the winner of the Site specific \u2013 New Talent category of The [&hellip;]<\/p>\n","protected":false},"author":3,"featured_media":0,"parent":0,"menu_order":0,"comment_status":"closed","ping_status":"closed","template":"","meta":{"footnotes":""},"class_list":["post-93","page","type-page","status-publish","hentry"],"jetpack_sharing_enabled":true,"_links":{"self":[{"href":"https:\/\/timeasofia.com\/index.php\/wp-json\/wp\/v2\/pages\/93","targetHints":{"allow":["GET"]}}],"collection":[{"href":"https:\/\/timeasofia.com\/index.php\/wp-json\/wp\/v2\/pages"}],"about":[{"href":"https:\/\/timeasofia.com\/index.php\/wp-json\/wp\/v2\/types\/page"}],"author":[{"embeddable":true,"href":"https:\/\/timeasofia.com\/index.php\/wp-json\/wp\/v2\/users\/3"}],"replies":[{"embeddable":true,"href":"https:\/\/timeasofia.com\/index.php\/wp-json\/wp\/v2\/comments?post=93"}],"version-history":[{"count":28,"href":"https:\/\/timeasofia.com\/index.php\/wp-json\/wp\/v2\/pages\/93\/revisions"}],"predecessor-version":[{"id":872,"href":"https:\/\/timeasofia.com\/index.php\/wp-json\/wp\/v2\/pages\/93\/revisions\/872"}],"wp:attachment":[{"href":"https:\/\/timeasofia.com\/index.php\/wp-json\/wp\/v2\/media?parent=93"}],"curies":[{"name":"wp","href":"https:\/\/api.w.org\/{rel}","templated":true}]}}

<div data-elementor-type="wp-page" data-elementor-id="93" class="elementor elementor-93" data-elementor-post-type="page">
						<section class="elementor-section elementor-top-section elementor-element elementor-element-2e7574ed elementor-section-boxed elementor-section-height-default elementor-section-height-default" data-id="2e7574ed" data-element_type="section" data-e-type="section">
						<div class="elementor-container elementor-column-gap-default">
					<div class="elementor-column elementor-col-50 elementor-top-column elementor-element elementor-element-b23122c" data-id="b23122c" data-element_type="column" data-e-type="column">
			<div class="elementor-widget-wrap elementor-element-populated">
						<div class="elementor-element elementor-element-2cc7f537 elementor-widget__width-initial elementor-widget elementor-widget-image" data-id="2cc7f537" data-element_type="widget" data-e-type="widget" data-widget_type="image.default">
				<div class="elementor-widget-container">
															<img decoding="async" src="https://timeasofia.com/wp-content/uploads/2026/01/portrait0.png" title="portrait0" alt="portrait0" loading="lazy" />															</div>
				</div>
					</div>
		</div>
				<div class="elementor-column elementor-col-50 elementor-top-column elementor-element elementor-element-1b36b573" data-id="1b36b573" data-element_type="column" data-e-type="column">
			<div class="elementor-widget-wrap elementor-element-populated">
						<div class="elementor-element elementor-element-9ca4441 elementor-widget elementor-widget-text-editor" data-id="9ca4441" data-element_type="widget" data-e-type="widget" data-widget_type="text-editor.default">
				<div class="elementor-widget-container">
									<p style="font-size: medium; font-family: 'Times New Roman';"><span style="font-family: Spartan, sans-serif; font-size: 1rem;">I’m Tímea Zsófia Terenyei, Hungarian-born, Berlin-based illustrator, exhibition designer, and educator with a strong focus on cultural, educational, and socially engaged projects.<br>As a creative professional, I specialize in turning complex scientific and social topics into engaging, accessible visual stories.&nbsp;</span></p>
<p style="font-size: medium; font-family: 'Times New Roman';"><span style="font-family: Spartan, sans-serif; font-size: 1rem;">I’ve been awarded as the winner of the Site specific – New Talent category of The World Illustration Awards by The AOI.</span></p>
<p style="font-size: medium; font-family: 'Times New Roman';"><span style="font-family: Spartan, sans-serif; font-size: 1rem;">As an exhibition designer I work with National Parks, Museums and Scientific Insitutes from Central Europe, developing the overall concept for educational trails and conservation-focused exhibitions, shaping them around their learning goals and the unique qualities of the landscape or space.</span></p>
<p style="font-size: medium; font-family: 'Times New Roman';"><span style="font-family: Spartan, sans-serif; font-size: 1rem;">Alongside exhibition design, my illustration and graphic deisgn work spans editorial and applied contexts. I create illustrations that support storytelling, offer interpretation, and complement written narratives.</span></p>
<p style="font-size: medium; font-family: 'Times New Roman';"><span style="font-family: Spartan, sans-serif; font-size: 1rem;">&nbsp;</span></p>								</div>
				</div>
					</div>
		</div>
					</div>
		</section>
				<section class="elementor-section elementor-top-section elementor-element elementor-element-838333f elementor-section-boxed elementor-section-height-default elementor-section-height-default" data-id="838333f" data-element_type="section" data-e-type="section">
						<div class="elementor-container elementor-column-gap-default">
					<div class="elementor-column elementor-col-100 elementor-top-column elementor-element elementor-element-54e8786" data-id="54e8786" data-element_type="column" data-e-type="column">
			<div class="elementor-widget-wrap elementor-element-populated">
						<div class="elementor-element elementor-element-f436f2c elementor-widget elementor-widget-text-editor" data-id="f436f2c" data-element_type="widget" data-e-type="widget" data-widget_type="text-editor.default">
				<div class="elementor-widget-container">
									<p style="font-family: 'Times New Roman'; font-size: medium;"><span style="font-weight: bolder; font-family: Arial, sans-serif; font-size: 16px;">Selected Experience |</span></p><p><span style="font-size: 1rem;">stories within architecture GmbH | Berlin | </span>exhibition and graphic design</p><p>Patkós Stúdió | exhibition and graphic design, project management</p><p>Freelance projects in exhibition and graphic design, illustration</p><p><b> </b></p><p><b>Selected Freelance Projects and Clients |</b></p><p>Gesa von Grote | exhibition design and illustration</p><p>French Institute in Hungary | graphic design</p><p>Hungarian Civil Liberties Union (Tasz) | brand identity for social media and various graphic design and illustration Projects</p><p>Breathe Magazine + Teen Breathe | editorial Illustration</p><p>Autistic Art Foundation | graphic design and illustration</p><p>Zeitgenossin (magazin of the Student Union Univerity of Vienna) | editorial illustration</p><p>Progress (magazin of the Austrian Students’ Union) | edtitorial illustration</p><p>Hortobágy National Park | exhibition design</p><p>Balaton Uplands National Park | exhibition design</p><p>Bükk National Park | exhibition design</p><p> </p><p><strong>Selected Art Exhibitions |</strong></p><p>Palota Galéria &#8211; Budapest | &#8220;Otthon és Itthon&#8221; Solo Show /2023/</p><p><span style="font-size: 1rem;">Veszprém-Balaton European Capital of Culture | &#8220;Shine!&#8221; Poster Exhibition /2023/</span></p><p><span style="font-size: 1rem;">Duo Yun Xuan Art Center, Shanghai | WIA 2021 Touring Exhibition </span><span style="font-size: 1rem; font-weight: var( --e-global-typography-text-font-weight );"><span style="font-family: var( --e-global-typography-text-font-family ), Sans-serif;">/2022/</span></span></p><p><span style="font-size: 1rem;">Belgrade | The fourth international Festival of Illustrations &#8211; ILUSTROFEST /2022/</span><span style="font-size: 1rem; font-weight: var( --e-global-typography-text-font-weight );"><span style="font-family: Spartan, sans-serif;"><br /></span></span></p><p><span style="font-size: 1rem;">Tonbridge School’s Old Big School Gallery | WIA 2021 Touring Exhibition </span><span style="font-size: 1rem; font-weight: var( --e-global-typography-text-font-weight );"><span style="font-family: var( --e-global-typography-text-font-family ), Sans-serif;">/2022/</span></span></p><p><span style="font-size: 1rem;">Kelet Kávézó &#8211; Budapest | Utcáról Lakásba! Egyesület Aukció  </span><span style="font-size: 1rem; font-weight: var( --e-global-typography-text-font-weight );"><span style="font-family: var( --e-global-typography-text-font-family ), Sans-serif;">/2021/</span></span></p><p><span style="font-size: 1rem;">Academy of Fine Arts Vienna | Rundgang </span><span style="font-size: 1rem; font-weight: var( --e-global-typography-text-font-weight );"><span style="font-family: var( --e-global-typography-text-font-family ), Sans-serif;">/2017/</span></span></p><p><span style="font-size: 1rem;">Transylvanian Art Center | G4 &#8211; Graphic Art Biennial of Szeklerland </span><span style="font-size: 1rem; font-weight: var( --e-global-typography-text-font-weight ); font-family: var( --e-global-typography-text-font-family ), Sans-serif;">/2016/</span></p>								</div>
				</div>
					</div>
		</div>
					</div>
		</section>
				</div>

<p>I’m Tímea Zsófia Terenyei, Hungarian-born, Berlin-based illustrator, exhibition designer, and educator with a strong focus on cultural, educational, and socially engaged projects.As a creative professional, I specialize in turning complex scientific and social topics into engaging, accessible visual stories.&nbsp; I’ve been awarded as the winner of the Site specific – New Talent category of The [&hellip;]</p>
